{"id":24254,"date":"2020-10-08T07:43:07","date_gmt":"2020-10-08T07:43:07","guid":{"rendered":"https:\/\/analaselvafisioterapia.com.br\/index.php\/all-courses\/"},"modified":"2020-10-29T13:39:32","modified_gmt":"2020-10-29T16:39:32","slug":"especialidades","status":"publish","type":"page","link":"https:\/\/analaselvafisioterapia.com.br\/index.php\/especialidades\/","title":{"rendered":"Especialidades"},"content":{"rendered":"\t\t<div data-elementor-type=\"wp-page\" data-elementor-id=\"24254\" class=\"elementor elementor-24254\">\n\t\t\t\t\t\t<section class=\"elementor-section elementor-top-section elementor-element elementor-element-025c1d1 elementor-section-boxed elementor-section-height-default elementor-section-height-default\" data-id=\"025c1d1\" data-element_type=\"section\" data-e-type=\"section\">\n\t\t\t\t\t\t<div class=\"elementor-container elementor-column-gap-no\">\n\t\t\t\t\t<div class=\"elementor-column elementor-col-100 elementor-top-column elementor-element elementor-element-3c4c263\" data-id=\"3c4c263\" data-element_type=\"column\" data-e-type=\"column\">\n\t\t\t<div class=\"elementor-widget-wrap elementor-element-populated\">\n\t\t\t\t\t\t<div class=\"elementor-element elementor-element-e6436db elementor-widget elementor-widget-heading\" data-id=\"e6436db\" data-element_type=\"widget\" data-e-type=\"widget\" data-widget_type=\"heading.default\">\n\t\t\t\t<div class=\"elementor-widget-container\">\n\t\t\t\t\t<h1 class=\"elementor-heading-title elementor-size-default\">Especialidades<\/h1>\t\t\t\t<\/div>\n\t\t\t\t<\/div>\n\t\t\t\t<div class=\"elementor-element elementor-element-9a925e8 elementor-absolute elementor-widget elementor-widget-image\" data-id=\"9a925e8\" data-element_type=\"widget\" data-e-type=\"widget\" data-settings=\"{&quot;_position&quot;:&quot;absolute&quot;}\" data-widget_type=\"image.default\">\n\t\t\t\t<div class=\"elementor-widget-container\">\n\t\t\t\t\t\t\t\t\t\t\t\t\t\t\t<img fetchpriority=\"high\" decoding=\"async\" width=\"400\" height=\"192\" src=\"https:\/\/analaselvafisioterapia.com.br\/wp-content\/uploads\/2020\/10\/pattern.png\" class=\"attachment-large size-large wp-image-77\" alt=\"\" srcset=\"https:\/\/analaselvafisioterapia.com.br\/wp-content\/uploads\/2020\/10\/pattern.png 400w, https:\/\/analaselvafisioterapia.com.br\/wp-content\/uploads\/2020\/10\/pattern-300x144.png 300w\" sizes=\"(max-width: 400px) 100vw, 400px\" \/>\t\t\t\t\t\t\t\t\t\t\t\t\t\t\t<\/div>\n\t\t\t\t<\/div>\n\t\t\t\t<div class=\"elementor-element elementor-element-0e24e8e elementor-widget elementor-widget-text-editor\" data-id=\"0e24e8e\" data-element_type=\"widget\" data-e-type=\"widget\" data-widget_type=\"text-editor.default\">\n\t\t\t\t<div class=\"elementor-widget-container\">\n\t\t\t\t\t\t\t\t\t<p>Viver com a mente e o corpo em harmonia \u00e9 o sonho de todo o ser humano. S\u00f3 que nem sempre isso \u00e9 poss\u00edvel.<\/p>\t\t\t\t\t\t\t\t<\/div>\n\t\t\t\t<\/div>\n\t\t\t\t\t<\/div>\n\t\t<\/div>\n\t\t\t\t\t<\/div>\n\t\t<\/section>\n\t\t\t\t<section class=\"elementor-section elementor-top-section elementor-element elementor-element-27f58cc elementor-section-boxed elementor-section-height-default elementor-section-height-default\" data-id=\"27f58cc\" data-element_type=\"section\" data-e-type=\"section\" data-settings=\"{&quot;background_background&quot;:&quot;classic&quot;}\">\n\t\t\t\t\t\t<div class=\"elementor-container elementor-column-gap-no\">\n\t\t\t\t\t<div class=\"elementor-column elementor-col-100 elementor-top-column elementor-element elementor-element-d94a387\" data-id=\"d94a387\" data-element_type=\"column\" data-e-type=\"column\">\n\t\t\t<div class=\"elementor-widget-wrap elementor-element-populated\">\n\t\t\t\t\t\t<section class=\"elementor-section elementor-inner-section elementor-element elementor-element-cd3c4e5 elementor-section-boxed elementor-section-height-default elementor-section-height-default\" data-id=\"cd3c4e5\" data-element_type=\"section\" data-e-type=\"section\">\n\t\t\t\t\t\t<div class=\"elementor-container elementor-column-gap-no\">\n\t\t\t\t\t<div class=\"elementor-column elementor-col-50 elementor-inner-column elementor-element elementor-element-3d3d204\" data-id=\"3d3d204\" data-element_type=\"column\" data-e-type=\"column\">\n\t\t\t<div class=\"elementor-widget-wrap elementor-element-populated\">\n\t\t\t\t\t\t<div class=\"elementor-element elementor-element-5dadbc8 elementor-widget elementor-widget-heading\" data-id=\"5dadbc8\" data-element_type=\"widget\" data-e-type=\"widget\" data-widget_type=\"heading.default\">\n\t\t\t\t<div class=\"elementor-widget-container\">\n\t\t\t\t\t<h2 class=\"elementor-heading-title elementor-size-default\">Especializa\u00e7\u00f5es<\/h2>\t\t\t\t<\/div>\n\t\t\t\t<\/div>\n\t\t\t\t\t<\/div>\n\t\t<\/div>\n\t\t\t\t<div class=\"elementor-column elementor-col-50 elementor-inner-column elementor-element elementor-element-b388c3f\" data-id=\"b388c3f\" data-element_type=\"column\" data-e-type=\"column\">\n\t\t\t<div class=\"elementor-widget-wrap elementor-element-populated\">\n\t\t\t\t\t\t<div class=\"elementor-element elementor-element-9432c0b elementor-align-right elementor-mobile-align-left elementor-widget elementor-widget-button\" data-id=\"9432c0b\" data-element_type=\"widget\" data-e-type=\"widget\" data-widget_type=\"button.default\">\n\t\t\t\t<div class=\"elementor-widget-container\">\n\t\t\t\t\t\t\t\t\t<div class=\"elementor-button-wrapper\">\n\t\t\t\t\t<a class=\"elementor-button elementor-button-link elementor-size-sm\" href=\"https:\/\/analaselvafisioterapia.com.br\/index.php\/dicas-uteis\/\">\n\t\t\t\t\t\t<span class=\"elementor-button-content-wrapper\">\n\t\t\t\t\t\t\t\t\t<span class=\"elementor-button-text\">Dicas \u00dateis<\/span>\n\t\t\t\t\t<\/span>\n\t\t\t\t\t<\/a>\n\t\t\t\t<\/div>\n\t\t\t\t\t\t\t\t<\/div>\n\t\t\t\t<\/div>\n\t\t\t\t\t<\/div>\n\t\t<\/div>\n\t\t\t\t\t<\/div>\n\t\t<\/section>\n\t\t\t\t<section class=\"elementor-section elementor-inner-section elementor-element elementor-element-ebc71d0 elementor-section-boxed elementor-section-height-default elementor-section-height-default\" data-id=\"ebc71d0\" data-element_type=\"section\" data-e-type=\"section\">\n\t\t\t\t\t\t<div class=\"elementor-container elementor-column-gap-no\">\n\t\t\t\t\t<div class=\"elementor-column elementor-col-33 elementor-inner-column elementor-element elementor-element-b454e4d\" data-id=\"b454e4d\" data-element_type=\"column\" data-e-type=\"column\">\n\t\t\t<div class=\"elementor-widget-wrap elementor-element-populated\">\n\t\t\t\t\t\t<div class=\"elementor-element elementor-element-fdef235 elementor-position-top elementor-widget elementor-widget-image-box\" data-id=\"fdef235\" data-element_type=\"widget\" data-e-type=\"widget\" data-widget_type=\"image-box.default\">\n\t\t\t\t<div class=\"elementor-widget-container\">\n\t\t\t\t\t<div class=\"elementor-image-box-wrapper\"><figure class=\"elementor-image-box-img\"><img decoding=\"async\" width=\"600\" height=\"338\" src=\"https:\/\/analaselvafisioterapia.com.br\/wp-content\/uploads\/2020\/10\/rpg.jpg\" class=\"attachment-full size-full wp-image-24685\" alt=\"\" srcset=\"https:\/\/analaselvafisioterapia.com.br\/wp-content\/uploads\/2020\/10\/rpg.jpg 600w, https:\/\/analaselvafisioterapia.com.br\/wp-content\/uploads\/2020\/10\/rpg-300x169.jpg 300w\" sizes=\"(max-width: 600px) 100vw, 600px\" \/><\/figure><div class=\"elementor-image-box-content\"><h3 class=\"elementor-image-box-title\">RPG\/RPM Reeduca\u00e7\u00e3o Postural Global<\/h3><p class=\"elementor-image-box-description\">Esta t\u00e9cnica alivia a dor, ensinando a corrigir erros de postura atrav\u00e9s de exerc\u00edcios musculares e respirat\u00f3rios.\nPrincipais indica\u00e7\u00f5es: Cifoses, Escolioses e Hiperlordoses, H\u00e9rnia de Disco, Tendinites, etc.<\/p><\/div><\/div>\t\t\t\t<\/div>\n\t\t\t\t<\/div>\n\t\t\t\t<div class=\"elementor-element elementor-element-6e9aa61 elementor-position-top elementor-widget elementor-widget-image-box\" data-id=\"6e9aa61\" data-element_type=\"widget\" data-e-type=\"widget\" data-widget_type=\"image-box.default\">\n\t\t\t\t<div class=\"elementor-widget-container\">\n\t\t\t\t\t<div class=\"elementor-image-box-wrapper\"><figure class=\"elementor-image-box-img\"><img decoding=\"async\" width=\"600\" height=\"338\" src=\"https:\/\/analaselvafisioterapia.com.br\/wp-content\/uploads\/2020\/10\/pedra-quente.jpg\" class=\"attachment-full size-full wp-image-24681\" alt=\"\" srcset=\"https:\/\/analaselvafisioterapia.com.br\/wp-content\/uploads\/2020\/10\/pedra-quente.jpg 600w, https:\/\/analaselvafisioterapia.com.br\/wp-content\/uploads\/2020\/10\/pedra-quente-300x169.jpg 300w\" sizes=\"(max-width: 600px) 100vw, 600px\" \/><\/figure><div class=\"elementor-image-box-content\"><h3 class=\"elementor-image-box-title\">Terapia com Pedras Quentes<\/h3><p class=\"elementor-image-box-description\">\u00c9 uma terapia baseada na Medicina Tradicional Chinesa, onde as manobras executadas atuam sobre o sistema nervoso e sensitivo, equilibrando o corpo e a mente. Desta maneira, a terapia com pedras quentes estimula o bem-estar geral, transmitindo equil\u00edbrio interno e emocional e a sensa\u00e7\u00e3o da conex\u00e3o do homem com a natureza.<\/p><\/div><\/div>\t\t\t\t<\/div>\n\t\t\t\t<\/div>\n\t\t\t\t\t<\/div>\n\t\t<\/div>\n\t\t\t\t<div class=\"elementor-column elementor-col-33 elementor-inner-column elementor-element elementor-element-3f559fd\" data-id=\"3f559fd\" data-element_type=\"column\" data-e-type=\"column\">\n\t\t\t<div class=\"elementor-widget-wrap elementor-element-populated\">\n\t\t\t\t\t\t<div class=\"elementor-element elementor-element-cc2f271 elementor-position-top elementor-widget elementor-widget-image-box\" data-id=\"cc2f271\" data-element_type=\"widget\" data-e-type=\"widget\" data-widget_type=\"image-box.default\">\n\t\t\t\t<div class=\"elementor-widget-container\">\n\t\t\t\t\t<div class=\"elementor-image-box-wrapper\"><figure class=\"elementor-image-box-img\"><img loading=\"lazy\" decoding=\"async\" width=\"600\" height=\"338\" src=\"https:\/\/analaselvafisioterapia.com.br\/wp-content\/uploads\/2020\/10\/Reequilibrio-Somato-Emocional.jpg\" class=\"attachment-full size-full wp-image-24683\" alt=\"\" srcset=\"https:\/\/analaselvafisioterapia.com.br\/wp-content\/uploads\/2020\/10\/Reequilibrio-Somato-Emocional.jpg 600w, https:\/\/analaselvafisioterapia.com.br\/wp-content\/uploads\/2020\/10\/Reequilibrio-Somato-Emocional-300x169.jpg 300w\" sizes=\"(max-width: 600px) 100vw, 600px\" \/><\/figure><div class=\"elementor-image-box-content\"><h3 class=\"elementor-image-box-title\">RSE (Reequil\u00edbrio Somato-Emocional)<\/h3><p class=\"elementor-image-box-description\">Atrav\u00e9s do RSE pode-se auxiliar no tratamento da ansiedade, estresse, S\u00edndrome do P\u00e2nico e depress\u00e3o, al\u00e9m de ser fundamental no tratamento de dores que n\u00e3o respondem bem aos tratamentos antes utilizados (altera\u00e7\u00f5es posturais e musculares que apresentam dificuldade de melhora).<\/p><\/div><\/div>\t\t\t\t<\/div>\n\t\t\t\t<\/div>\n\t\t\t\t<div class=\"elementor-element elementor-element-16759da elementor-position-top elementor-widget elementor-widget-image-box\" data-id=\"16759da\" data-element_type=\"widget\" data-e-type=\"widget\" data-widget_type=\"image-box.default\">\n\t\t\t\t<div class=\"elementor-widget-container\">\n\t\t\t\t\t<div class=\"elementor-image-box-wrapper\"><figure class=\"elementor-image-box-img\"><img loading=\"lazy\" decoding=\"async\" width=\"600\" height=\"338\" src=\"https:\/\/analaselvafisioterapia.com.br\/wp-content\/uploads\/2020\/10\/pilates.jpg\" class=\"attachment-full size-full wp-image-24679\" alt=\"\" srcset=\"https:\/\/analaselvafisioterapia.com.br\/wp-content\/uploads\/2020\/10\/pilates.jpg 600w, https:\/\/analaselvafisioterapia.com.br\/wp-content\/uploads\/2020\/10\/pilates-300x169.jpg 300w\" sizes=\"(max-width: 600px) 100vw, 600px\" \/><\/figure><div class=\"elementor-image-box-content\"><h3 class=\"elementor-image-box-title\">Pilates na Bola<\/h3><p class=\"elementor-image-box-description\">Os exerc\u00edcios do pilates com bola ajudam os praticantes a tornearem o abd\u00f4men, ou melhor, os m\u00fasculos da barriga. Para isso \u00e9 necess\u00e1rio deitar na bola de pilates, escorregar o corpo um pouco para frente e deixar as costas apoiadas.<\/p><\/div><\/div>\t\t\t\t<\/div>\n\t\t\t\t<\/div>\n\t\t\t\t\t<\/div>\n\t\t<\/div>\n\t\t\t\t<div class=\"elementor-column elementor-col-33 elementor-inner-column elementor-element elementor-element-7966cd6\" data-id=\"7966cd6\" data-element_type=\"column\" data-e-type=\"column\">\n\t\t\t<div class=\"elementor-widget-wrap elementor-element-populated\">\n\t\t\t\t\t\t<div class=\"elementor-element elementor-element-1a1f309 elementor-position-top elementor-widget elementor-widget-image-box\" data-id=\"1a1f309\" data-element_type=\"widget\" data-e-type=\"widget\" data-widget_type=\"image-box.default\">\n\t\t\t\t<div class=\"elementor-widget-container\">\n\t\t\t\t\t<div class=\"elementor-image-box-wrapper\"><figure class=\"elementor-image-box-img\"><img loading=\"lazy\" decoding=\"async\" width=\"520\" height=\"298\" src=\"https:\/\/analaselvafisioterapia.com.br\/wp-content\/uploads\/2020\/10\/medicina_natural.jpg\" class=\"attachment-full size-full wp-image-24675\" alt=\"\" srcset=\"https:\/\/analaselvafisioterapia.com.br\/wp-content\/uploads\/2020\/10\/medicina_natural.jpg 520w, https:\/\/analaselvafisioterapia.com.br\/wp-content\/uploads\/2020\/10\/medicina_natural-300x172.jpg 300w\" sizes=\"(max-width: 520px) 100vw, 520px\" \/><\/figure><div class=\"elementor-image-box-content\"><h3 class=\"elementor-image-box-title\"> Terapia Cr\u00e2nio-Sacra<\/h3><p class=\"elementor-image-box-description\">Esta terapia foi desenvolvida pelo m\u00e9dico e osteopata americano Dr. John Upledger. \u00c9 uma terapia manual, muito suave, que tem como objetivo avaliar e melhorar a fun\u00e7\u00e3o fisiol\u00f3gica do sistema sacro craniano, a fim de melhorar a fun\u00e7\u00e3o do sistema nervoso central.<\/p><\/div><\/div>\t\t\t\t<\/div>\n\t\t\t\t<\/div>\n\t\t\t\t<div class=\"elementor-element elementor-element-e868ff8 elementor-position-top elementor-widget elementor-widget-image-box\" data-id=\"e868ff8\" data-element_type=\"widget\" data-e-type=\"widget\" data-widget_type=\"image-box.default\">\n\t\t\t\t<div class=\"elementor-widget-container\">\n\t\t\t\t\t<div class=\"elementor-image-box-wrapper\"><figure class=\"elementor-image-box-img\"><img loading=\"lazy\" decoding=\"async\" width=\"600\" height=\"338\" src=\"https:\/\/analaselvafisioterapia.com.br\/wp-content\/uploads\/2020\/10\/lesao-esportes.jpg\" class=\"attachment-full size-full wp-image-24687\" alt=\"\" srcset=\"https:\/\/analaselvafisioterapia.com.br\/wp-content\/uploads\/2020\/10\/lesao-esportes.jpg 600w, https:\/\/analaselvafisioterapia.com.br\/wp-content\/uploads\/2020\/10\/lesao-esportes-300x169.jpg 300w\" sizes=\"(max-width: 600px) 100vw, 600px\" \/><\/figure><div class=\"elementor-image-box-content\"><h3 class=\"elementor-image-box-title\">Ortopedia, Les\u00f5es \/ Traumatologia do Esporte<\/h3><p class=\"elementor-image-box-description\">A reabilita\u00e7\u00e3o de les\u00f5es relacionadas com esportes inclui educa\u00e7\u00e3o adequada e treinamento para prevenir essas les\u00f5es, em primeiro lugar. Os procedimentos cir\u00fargicos no joelho, ombro, cotovelo e tornozelo s\u00e3o muito comuns para tratar as mais diversas les\u00f5es, como fraturas, les\u00f5es ligamentares, de cartilagem, meniscos e les\u00f5es degenerativas.<\/p><\/div><\/div>\t\t\t\t<\/div>\n\t\t\t\t<\/div>\n\t\t\t\t\t<\/div>\n\t\t<\/div>\n\t\t\t\t\t<\/div>\n\t\t<\/section>\n\t\t\t\t\t<\/div>\n\t\t<\/div>\n\t\t\t\t\t<\/div>\n\t\t<\/section>\n\t\t\t\t<section class=\"elementor-section elementor-top-section elementor-element elementor-element-e5b1101 elementor-section-boxed elementor-section-height-default elementor-section-height-default\" data-id=\"e5b1101\" data-element_type=\"section\" data-e-type=\"section\">\n\t\t\t\t\t\t<div class=\"elementor-container elementor-column-gap-no\">\n\t\t\t\t\t<div class=\"elementor-column elementor-col-100 elementor-top-column elementor-element elementor-element-ae1e585\" data-id=\"ae1e585\" data-element_type=\"column\" data-e-type=\"column\">\n\t\t\t<div class=\"elementor-widget-wrap elementor-element-populated\">\n\t\t\t\t\t\t<div class=\"elementor-element elementor-element-b33f740 elementor-widget elementor-widget-heading\" data-id=\"b33f740\" data-element_type=\"widget\" data-e-type=\"widget\" data-widget_type=\"heading.default\">\n\t\t\t\t<div class=\"elementor-widget-container\">\n\t\t\t\t\t<div class=\"elementor-heading-title elementor-size-default\">Reflex\u00e3o<\/div>\t\t\t\t<\/div>\n\t\t\t\t<\/div>\n\t\t\t\t<div class=\"elementor-element elementor-element-8087a0a elementor-widget elementor-widget-text-editor\" data-id=\"8087a0a\" data-element_type=\"widget\" data-e-type=\"widget\" data-widget_type=\"text-editor.default\">\n\t\t\t\t<div class=\"elementor-widget-container\">\n\t\t\t\t\t\t\t\t\t<p><em>E assim que a conex\u00e3o entre a sabedoria interna do paciente e as minhas m\u00e3os se instale, minhas m\u00e3os saber\u00e3o o que fazer, e eu as observo&#8230;\u201d <\/em><\/p><p><em>DR. John Upledger<\/em><\/p>\t\t\t\t\t\t\t\t<\/div>\n\t\t\t\t<\/div>\n\t\t\t\t<div class=\"elementor-element elementor-element-cc247ad elementor-absolute elementor-widget elementor-widget-image\" data-id=\"cc247ad\" data-element_type=\"widget\" data-e-type=\"widget\" data-settings=\"{&quot;_position&quot;:&quot;absolute&quot;}\" data-widget_type=\"image.default\">\n\t\t\t\t<div class=\"elementor-widget-container\">\n\t\t\t\t\t\t\t\t\t\t\t\t\t\t\t<img fetchpriority=\"high\" decoding=\"async\" width=\"400\" height=\"192\" src=\"https:\/\/analaselvafisioterapia.com.br\/wp-content\/uploads\/2020\/10\/pattern.png\" class=\"attachment-large size-large wp-image-77\" alt=\"\" srcset=\"https:\/\/analaselvafisioterapia.com.br\/wp-content\/uploads\/2020\/10\/pattern.png 400w, https:\/\/analaselvafisioterapia.com.br\/wp-content\/uploads\/2020\/10\/pattern-300x144.png 300w\" sizes=\"(max-width: 400px) 100vw, 400px\" \/>\t\t\t\t\t\t\t\t\t\t\t\t\t\t\t<\/div>\n\t\t\t\t<\/div>\n\t\t\t\t\t<\/div>\n\t\t<\/div>\n\t\t\t\t\t<\/div>\n\t\t<\/section>\n\t\t\t\t<\/div>\n\t\t","protected":false},"excerpt":{"rendered":"<p>Especialidades Viver com a mente e o corpo em harmonia \u00e9 o sonho de todo o ser humano. S\u00f3 que nem sempre isso \u00e9 poss\u00edvel. Especializa\u00e7\u00f5es Dicas \u00dateis RPG\/RPM Reeduca\u00e7\u00e3o Postural Global Esta t\u00e9cnica alivia a dor, ensinando a corrigir erros de postura atrav\u00e9s de exerc\u00edcios musculares e respirat\u00f3rios. Principais indica\u00e7\u00f5es: Cifoses, Escolioses e Hiperlordoses, [&hellip;]<\/p>\n","protected":false},"author":3,"featured_media":0,"parent":0,"menu_order":0,"comment_status":"closed","ping_status":"closed","template":"","meta":{"site-sidebar-layout":"no-sidebar","site-content-layout":"page-builder","ast-site-content-layout":"default","site-content-style":"default","site-sidebar-style":"default","ast-global-header-display":"","ast-banner-title-visibility":"","ast-main-header-display":"","ast-hfb-above-header-display":"","ast-hfb-below-header-display":"","ast-hfb-mobile-header-display":"","site-post-title":"disabled","ast-breadcrumbs-content":"","ast-featured-img":"disabled","footer-sml-layout":"","ast-disable-related-posts":"","theme-transparent-header-meta":"default","adv-header-id-meta":"","stick-header-meta":"","header-above-stick-meta":"","header-main-stick-meta":"","header-below-stick-meta":"","astra-migrate-meta-layouts":"default","ast-page-background-enabled":"default","ast-page-background-meta":{"desktop":{"background-color":"","background-image":"","background-repeat":"repeat","background-position":"center center","background-size":"auto","background-attachment":"scroll","background-type":"","background-media":"","overlay-type":"","overlay-color":"","overlay-opacity":"","overlay-gradient":""},"tablet":{"background-color":"","background-image":"","background-repeat":"repeat","background-position":"center center","background-size":"auto","background-attachment":"scroll","background-type":"","background-media":"","overlay-type":"","overlay-color":"","overlay-opacity":"","overlay-gradient":""},"mobile":{"background-color":"","background-image":"","background-repeat":"repeat","background-position":"center center","background-size":"auto","background-attachment":"scroll","background-type":"","background-media":"","overlay-type":"","overlay-color":"","overlay-opacity":"","overlay-gradient":""}},"ast-content-background-meta":{"desktop":{"background-color":"var(--ast-global-color-5)","background-image":"","background-repeat":"repeat","background-position":"center center","background-size":"auto","background-attachment":"scroll","background-type":"","background-media":"","overlay-type":"","overlay-color":"","overlay-opacity":"","overlay-gradient":""},"tablet":{"background-color":"var(--ast-global-color-5)","background-image":"","background-repeat":"repeat","background-position":"center center","background-size":"auto","background-attachment":"scroll","background-type":"","background-media":"","overlay-type":"","overlay-color":"","overlay-opacity":"","overlay-gradient":""},"mobile":{"background-color":"var(--ast-global-color-5)","background-image":"","background-repeat":"repeat","background-position":"center center","background-size":"auto","background-attachment":"scroll","background-type":"","background-media":"","overlay-type":"","overlay-color":"","overlay-opacity":"","overlay-gradient":""}},"_joinchat":[],"footnotes":""},"class_list":["post-24254","page","type-page","status-publish","hentry"],"_links":{"self":[{"href":"https:\/\/analaselvafisioterapia.com.br\/index.php\/wp-json\/wp\/v2\/pages\/24254","targetHints":{"allow":["GET"]}}],"collection":[{"href":"https:\/\/analaselvafisioterapia.com.br\/index.php\/wp-json\/wp\/v2\/pages"}],"about":[{"href":"https:\/\/analaselvafisioterapia.com.br\/index.php\/wp-json\/wp\/v2\/types\/page"}],"author":[{"embeddable":true,"href":"https:\/\/analaselvafisioterapia.com.br\/index.php\/wp-json\/wp\/v2\/users\/3"}],"replies":[{"embeddable":true,"href":"https:\/\/analaselvafisioterapia.com.br\/index.php\/wp-json\/wp\/v2\/comments?post=24254"}],"version-history":[{"count":36,"href":"https:\/\/analaselvafisioterapia.com.br\/index.php\/wp-json\/wp\/v2\/pages\/24254\/revisions"}],"predecessor-version":[{"id":24688,"href":"https:\/\/analaselvafisioterapia.com.br\/index.php\/wp-json\/wp\/v2\/pages\/24254\/revisions\/24688"}],"wp:attachment":[{"href":"https:\/\/analaselvafisioterapia.com.br\/index.php\/wp-json\/wp\/v2\/media?parent=24254"}],"curies":[{"name":"wp","href":"https:\/\/api.w.org\/{rel}","templated":true}]}}